e
Is 72 a factor of 1224?
True
Is 4484 a multiple of 118?
True
Is 2603 a multiple of 19?
True
Does 24 divide 10632?
True
Does 3 divide 74?
False
Is 15 a factor of 55204?
False
Is 36 a multiple of 18?
True
Does 49 divide 5833?
False
Does 58 divide 2831?
False
Is 9 a factor of 196?
False
Does 93 divide 63769?
False
Is 20020 a multiple of 11?
True
Is 11424 a multiple of 16?
True
Does 29 divide 406?
True
Is 6 a factor of 546?
True
Is 15409 a multiple of 2?
False
Is 333 a multiple of 9?
True
Does 4 divide 8262?
False
Does 56 divide 2433?
False
Does 4 divide 2396?
True
Does 38 divide 114?
True
Is 117 a factor of 8341?
False
Does 38 divide 836?
True
Is 147 a factor of 63339?
False
Does 13 divide 156?
True
Is 1140 a multiple of 15?
True
Is 189 a factor of 1703?
False
Is 625 a multiple of 95?
False
Is 21113 a multiple of 80?
False
Is 10 a factor of 2283?
False
Does 39 divide 31551?
True
Does 144 divide 5040?
True
Is 6 a factor of 1168?
False
Is 6 a factor of 60600?
True
Is 64 a multiple of 64?
True
Is 11 a factor of 161?
False
Is 21 a factor of 25893?
True
Is 57 a factor of 6498?
True
Does 15 divide 315?
True
Is 10 a factor of 278?
False
Is 19 a factor of 50910?
False
Is 27 a factor of 16035?
False
Is 37 a factor of 2940?
False
Is 1872 a multiple of 16?
True
Is 17 a factor of 51?
True
Is 231 a multiple of 7?
True
Is 180 a multiple of 12?
True
Is 3071 a multiple of 3?
False
Is 3248 a multiple of 58?
True
Is 13 a factor of 1069?
False
Is 42985 a multiple of 62?
False
Does 9 divide 1539?
True
Does 18 divide 324?
True
Is 103 a factor of 412?
True
Is 2109 a multiple of 10?
False
Is 1050 a multiple of 21?
True
Does 23 divide 2599?
True
Is 108651 a multiple of 8?
False
Does 57 divide 12426?
True
Does 304 divide 169024?
True
Does 11 divide 473?
True
Is 59 a factor of 1062?
True
Is 368 a multiple of 16?
True
Does 16 divide 740?
False
Is 412 a multiple of 8?
False
Is 7516 a multiple of 56?
False
Does 12 divide 349?
False
Is 15856 a multiple of 108?
False
Does 56 divide 480?
False
Does 28 divide 3279?
False
Is 2527 a multiple of 19?
True
Does 15 divide 2685?
True
Does 25 divide 3610?
False
Is 9 a factor of 63?
True
Is 35 a factor of 2380?
True
Is 4970 a multiple of 26?
False
Is 44 a factor of 20548?
True
Does 30 divide 2624?
False
Is 171 a factor of 2736?
True
Does 52 divide 20852?
True
Is 20 a factor of 20?
True
Is 12 a factor of 516?
True
Does 50 divide 1992?
False
Is 78 a multiple of 3?
True
Is 14936 a multiple of 60?
False
Is 3 a factor of 125?
False
Is 18 a factor of 300?
False
Is 1394 a multiple of 41?
True
Is 14413 a multiple of 203?
True
Does 17 divide 6496?
False
Is 837 a multiple of 17?
False
Does 28 divide 2188?
False
Does 8 divide 1456?
True
Is 41 a factor of 25256?
True
Does 23 divide 461?
False
Is 3792 a multiple of 12?
True
Is 17 a factor of 8653?
True
Does 17 divide 612?
True
Does 5 divide 605?
True
Is 56 a factor of 10313?
False
Is 357 a multiple of 17?
True
Does 5 divide 6285?
True
Is 7178 a multiple of 37?
True
Is 11 a factor of 1078?
True
Does 150 divide 1050?
True
Does 2 divide 7127?
False
Is 52 a factor of 2771?
False
Is 431 a multiple of 52?
False
Is 245 a factor of 28576?
False
Is 413 a multiple of 28?
False
Does 19 divide 4598?
True
Does 28 divide 16968?
True
Is 3 a factor of 290?
False
Does 40 divide 5363?
False
Is 2 a factor of 428?
True
Is 99 a factor of 1881?
True
Is 73 a factor of 169?
False
Is 14 a factor of 99417?
False
Is 5418 a multiple of 18?
True
Is 18 a factor of 24829?
False
Is 4831 a multiple of 108?
False
Is 570 a multiple of 57?
True
Is 23004 a multiple of 36?
True
Is 181 a factor of 66113?
False
Is 44 a factor of 4084?
False
Does 24 divide 2033?
False
Is 28576 a multiple of 189?
False
Does 28 divide 3071?
False
Does 35 divide 1610?
True
Is 80 a factor of 3102?
False
Is 23764 a multiple of 13?
True
Is 48 a factor of 7824?
True
Does 11 divide 9506?
False
Is 163 a multiple of 5?
False
Is 1422 a multiple of 18?
True
Is 82087 a multiple of 83?
True
Is 124 a factor of 15004?
True
Does 2 divide 2689?
False
Is 2870 a multiple of 35?
True
Does 21 divide 24660?
False
Is 604 a multiple of 12?
False
Does 179 divide 20194?
False
Is 4934 a multiple of 15?
False
Is 26 a factor of 728?
True
Is 6 a factor of 3060?
True
Is 104 a multiple of 6?
False
Does 182 divide 26860?
False
Does 17 divide 17313?
False
Is 42 a factor of 2058?
True
Is 25 a factor of 9625?
True
Is 10 a factor of 32112?
False
Is 480 a multiple of 22?
False
Does 30 divide 2460?
True
Is 56 a factor of 2651?
False
Is 22321 a multiple of 13?
True
Does 12 divide 58019?
False
Does 7 divide 266?
True
Is 5 a factor of 584?
False
Is 34 a factor of 26449?
False
Is 7 a factor of 3594?
False
Is 12 a factor of 1656?
True
Does 88 divide 7807?
False
Is 52 a factor of 1214?
False
Is 1060 a multiple of 3?
False
Is 94 a factor of 61852?
True
Does 19 divide 1083?
True
Is 628 a multiple of 5?
False
Is 753 a multiple of 5?
False
Does 55 divide 17215?
True
Is 108980 a multiple of 51?
False
Is 63 a factor of 5670?
True
Is 14922 a multiple of 40?
False
Is 1032 a multiple of 15?
False
Is 14 a factor of 587?
False
Does 20 divide 8893?
False
Is 17 a factor of 80614?
True
Is 22 a factor of 946?
True
Is 341 a multiple of 18?
False
Is 1001 a multiple of 13?
True
Is 4227 a multiple of 17?
False
Is 38473 a multiple of 325?
False
Is 26 a factor of 78?
True
Does 40 divide 40?
True
Is 13 a factor of 202?
False
Is 18237 a multiple of 45?
False
Is 5 a factor of 6940?
True
Is 28 a multiple of 14?
True
Is 26 a factor of 199?
False
Is 126 a multiple of 9?
True
Is 29 a factor of 1497?
False
Does 19 divide 13889?
True
Is 1092 a multiple of 78?
True
Is 7099 a multiple of 89?
False
Is 495 a multiple of 45?
True
Is 28 a factor of 5561?
False
Is 80222 a multiple of 15?
False
Is 17333 a multiple of 93?
False
Is 28 a factor of 3416?
True
Does 25 divide 1025?
True
Does 42 divide 23520?
True
Is 374 a multiple of 4?
False
Is 7456 a multiple of 5?
False
Is 440 a multiple of 44?
True
Does 6 divide 7183?
False
Does 65 divide 24700?
True
Is 3042 a multiple of 9?
True
Does 58 divide 1102?
True
Is 180 a factor of 65880?
True
Is 38 a factor of 1038?
False
Does 16 divide 685?
False
Is 98814 a multiple of 9?
False
Does 31 divide 40517?
True
Does 11 divide 187?
True
Is 5760 a multiple of 96?
True
Is 39 a factor of 156?
True
Is 1576 a multiple of 8?
True
Does 16 divide 5996?
False
Is 12 a factor of 87612?
True
Does 12 divide 1257?
False
Does 10 divide 700?
True
Is 246 a multiple of 123?
True
Does 19 divide 2216?
False
Is 3696 a multiple of 16?
True
Is 172 a factor of 52269?
False
Is 17 a factor of 24460?
False
Is 3035 a multiple of 7?
False
Is 34 a factor of 782?
True
Is 440 a multiple of 5?
True
Is 17 a factor of 5763?
True
Does 18 divide 49986?
True
Is 12 a factor of 25068?
True
Does 18 divide 450?
True
Is 48841 a multiple of 158?
False
Is 13978 a multiple of 56?
False
Does 132 divide 26374?
False
Is 28 a factor of 44212?
True
Is 10710 a multiple of 9?
True
Does 2 divide 644?
True
Is 8601 a multiple of 47?
True
Is 80 a factor of 1040?
True
Does 150 divide 1172?
False
Is 88 a factor of 9868?
False
Does 10 divide 935?
False
Is 338 a factor of 3687?
False
Does 9 divide 387?
True
Does 14 divide 2478?
True
Is 163 a multiple of 70?
False
Is 2183 a multiple of 37?
True
Is 21 a factor of 4053?
True
Is 43 a factor of 20117?
False
Does 30 divide 2489?
False
Does 108 divide 67824?
True
Does 25 divide 1450?
True
Is 43 a multiple of 43?
True
Does 59 divide 108?
False
Is 17 a factor of 858?
False
Is 2107 a multiple of 15?
False
Does 32 divide 18304?
True
Is 3681 a multiple of 20?
False
Is 168 a multiple of 21?
True
Is 12 a factor of 3829?
False
Is 85 a factor of 14280?
True
Is 3 a factor of 3?
True
Is 21158 a multiple of 48?
False
Is 12 a factor of 228?
True
Does 22 divide 44404?
False
Is 425 a multiple of 11?
False
Is 7440 a multiple of 15?
True
Is 46 a factor of 65352?
False
Is 19080 a multiple of 9?
True
Is 3 a factor of 371?
False
Is 43 a factor of 6493?
True
Is 2 a factor of 1214?
True
Is 93 a factor of 3906?
True
Does 46 divide 356?
False
Is 43372 a multiple of 113?
False
Is 31 a multiple of 26?
False
Is 21 a factor of 10836?
True
Is 7171 a multiple of 34?
False
Does 16 divide 5296?
True
Is 78748 a multiple of 455?
False
Does 37 divid